ermine v(-3).
-1
Let v be (39/13 - 4)*8. Let n(t) = t**3 + 10*t**2 + 16*t + 10. Give n(v).
10
Let n be 2/(-4) + (-17)/(-2). Suppose -21 = -n*m - 21. Suppose m = 13*r - 2*r - 22. Let d(g) = -2*g + 1. What is d(r)?
-3
Let z(y) = 5*y**2 + 2*y - 1. Let f = 760 - 793. Suppose n = -0*n + p + 35, 5*n - 169 = -p. Let t = f + n. Give z(t).
6
Let n be 2 + (1/3 - 330/(-9)). Let d = -56 - -103. Let u = d - n. Let w(m) = -m**2 + 8*m + 10. What is w(u)?
10
Let f(h) = -h**3 - 13*h**2 - 12*h + 9. Let c(p) = -12*p**2 - 56*p. Let s be c(-8). Let j be 16/20 + s/25. Determine f(j).
9
Let d = 12 - 13. Let n(c) be the third derivative of -1/60*c**5 + 11*c**2 + 0*c + 0*c**3 + 0 - 1/24*c**4. Give n(d).
0
Let m(l) = -2*l + 2*l + 4*l - 3*l + 3. Let w be (-2)/(-8) + -24 + 1875/100. Give m(w).
-2
Let y(k) = 3*k**2 + 49*k - 50. Let s(a) = 2*a**2 + 34*a - 33. Let v(p) = 7*s(p) - 5*y(p). Calculate v(-8).
11
Let k(c) = c**3 + 4*c**2 - 2*c. Suppose -123 + 80 + 70 = -9*q. Give k(q).
15
Let l(y) = -y - 2. Let b(d) be the third derivative of d**4/24 - 23*d**3/6 + 3*d**2 - 3. Let h be b(18). Give l(h).
3
Let m(s) be the first derivative of -20*s + 1/20*s**5 - 1/3*s**3 + 3*s**2 - 20 - 7/12*s**4. Let a(x) be the first derivative of m(x). What is a(7)?
-8
Let p(u) = u**3 - 21*u**2 + 17*u + 33. Let n(s) = -s**2 - 1. Let w(q) = n(q) - p(q). Give w(19).
4
Let z = -70 + 70. Suppose 3*c - 21 + 9 = z. Let s(h) = 2 - c + h + 3 + h + 5*h**3 + 2*h**2. Determine s(-1).
-4
Suppose 5*s + 2*r - 4 = -8, 5*r = s - 10. Suppose 8*j - 31 - 1 = s. Let b(g) = -3*g + 5. Calculate b(j).
-7
Let u(q) = -q**2 - 2*q + 54. Suppose 4841*p = 4823*p + 126. Give u(p).
-9
Let f(b) = -b**3 - 6*b**2 + 5*b + 4. Suppose 1888*u - 294 = 1930*u. Give f(u).
18
Let u be ((-21)/84)/(2/(-16)). Let t(p) = -11*p**2 + 1 + 4*p**u + 764*p**3 + p - 763*p**3. Determine t(7).
8
Let b(n) be the third derivative of n**4/24 - 17*n**3/3 - n**2 + 19*n - 7. What is b(26)?
-8
Let o = -685 - -709. Suppose -50 - 22 = -o*t. Let q(n) = -n**2 + 3*n + 3. Calculate q(t).
3
Let p(o) = -o**3 - 6*o**2 - 6*o - 7. Let c(u) = 17*u - 133. Let x be c(8). Suppose 6*a - 2*w + 5 = 7*a, 3*a = -x*w. What is p(a)?
-2
Let r(h) = -h - 11. Let k(u) = 2*u + 30. Let z(q) = -3*k(q) - 8*r(q). Suppose x - 3 = -1. Let a be (x/1*-1)/1. Calculate z(a).
-6
Let g(q) = q**2 + 5*q. Suppose -46*y = -36*y - 40. Let a be 1 - (y + -3)*8. Give g(a).
14
Let v(d) be the second derivative of 0*d**3 + 0 + 10*d + 0*d**2 - 1/120*d**5 - 1/45*d**6 + 13/12*d**4. Let b(p) be the third derivative of v(p). Determine b(1).
-17
Let l be (1 - 0)*(1 - 2). Let a(w) = 2959*w + 28. Let h(u) = -1075*u - 10. Let j(s) = -4*a(s) - 11*h(s). Calculate j(l).
9
Let m(b) = 3*b - 20. Let a = -5649 - -5654. Calculate m(a).
-5
Let i = -73 + 72. Let r be 31 - i/((-4)/(-8)). Let d(g) = 70*g - 2*g**2 - 3 - r*g - 28*g. Calculate d(6).
-21
Let r(k) be the third derivative of k**6/120 - 8*k**5/15 + 29*k**4/12 + 21*k**3/2 - 33*k**2 - 2*k - 2. Determine r(30).
3
Let d(b) = 141*b - 137*b + b**2 - 35 + 18 + 0*b**2. Determine d(3).
4
Let d = -80 + 55. Let b = d - -24. Let o(k) = -8*k - 1. Let l(u) = 16*u + 3. Let t(n) = 2*l(n) + 5*o(n). Determine t(b).
9
Let k(y) be the first derivative of y**4/24 - 2*y**3/3 + 7*y**2/2 - y - 3. Let z(u) be the second derivative of k(u). Determine z(0).
-4
Let h = -3 + 8. Let a = 2563 + -1442. Let v(s) = -1 + a*s - 1122*s + 5. Give v(h).
-1
Suppose 14 = 14*i - 14. Suppose -4*l = i*u + 10 - 36, 5 = 5*u - 2*l. Let k(b) = 2*b - 1. What is k(u)?
5
Let d(b) = 2*b + 85. Let g be d(-21). Let f(y) = -3 + g*y - 19*y - 10*y - 10*y. Suppose -6*v = -2*v - 12. Determine f(v).
9
Let l(b) = b**3 + b**2 + 11. Let g be (-228)/(-24) + 2/4. Let n(u) = -u**3 + 11*u**2 - 11*u - 6. Let y be n(g). Let h = -16 - y. Calculate l(h).
11
Suppose 3*o = -d + 14, -2*o - 3*o = -4*d - 12. Suppose o*s = -s - 5*n - 5, n + 11 = 4*s. Let g(z) = 2 - 1 + 5*z**2 + 16*z - 17*z - 2. Give g(s).
17
Let n(i) = i + 5 - 91 + 21 + 63. What is n(18)?
16
Let u(r) = -7*r - 2. Let k(d) be the first derivative of -4*d**2 - 2*d - 3. Let s(l) = 6*k(l) - 7*u(l). Let h be (-12)/22 + (-464)/319. What is s(h)?
0
Let l = -38408 + 38386. Let v(m) = 3*m**3 + 65*m**2 - 22*m + 3. Calculate v(l).
3
Suppose 3*s + 6 = -3*h, -5*s + 8 = 3*h + 22. Suppose 47*a = 50*a - 18. Let y(z) = -3*z**2 - 11*z + 2*z**2 + 2*z**h - 23 + a. Give y(12).
-5
Let q be ((-1)/(-3))/((-15)/(-90)). Let w(y) = -y**3 - 7*y**2 + 13*y + 45. Let p be w(-8). Let x = p + q. Let i(g) = -g + 15. What is i(x)?
8
Let x(n) = n**3 - 17*n - 220910 + 12*n**2 - 220908 + 441801. Determine x(-13).
35
Let t(x) = 3*x - 6. Let h = -4195 - -4189. Give t(h).
-24
Let h = 10 + -4. Let z(w) = 306*w + w**2 + h - 155*w - 152*w. Calculate z(0).
6
Let x(n) = -n**3 - 65*n**2 + 277*n + 63. Let q be x(-69). Let a(g) = 13*g + 5. Give a(q).
-73
Suppose -4*d + 0 = -4*m + 8, 2*d = -4*m + 2. Let i(h) = h**2 - 2*h - 1. Let z(u) = 5*u**2 - 11*u - 4. Let y(n) = d*z(n) + 6*i(n). Determine y(-4).
18
Let c(m) be the first derivative of -5*m**2/2 + m - 85182. Let v(x) = 2*x + 4. Let s be v(-3). Calculate c(s).
11
Let g = -1376 + 1373. Let f(n) be the first derivative of -n**4/4 - n**2 - n - 186. Determine f(g).
32
Let j(x) = x. Let h = -88 + 92. Suppose -9 = 2*s - h*s - p, 4*s - 5*p - 11 = 0. What is j(s)?
4
Let m(b) = -17*b + 11. Suppose 5*h - 45 = -10*r, -h = -86*r + 83*r + 6. Give m(h).
-40
Let t be (-70)/30*2/(-7)*3. Let d(q) = -2*q - 14*q**t + 25*q**2 - 13*q**2 + 3. Calculate d(2).
-9
Let z = 409 + -406. Let m(r) = 14*r + 2*r**3 - 4*r + 2*r**3 + r**z - 13 - 4*r**3 - 9*r**2. Calculate m(8).
3
Let l(h) = -7 + 2*h - 2*h + 8 - 12*h**2. Let s = 122 - 122. Suppose -18*d + 11*d + 7 = s. Give l(d).
-11
Let l(h) = -345*h - 338*h + 0 + 679*h + 4 - 3. Calculate l(-5).
21
Let l(t) = -3*t**2 + 85*t - 520. Let y be l(20). Let g(v) = v**3 + 18*v**2 - 38*v + 40. Calculate g(y).
0
Let r(x) = -4*x**2 + 38*x - 14. Let p be r(9). Suppose 0 = -5*t - 4*g + 6 - 2, p*t = g - 1. Let c(j) = j**3 - j**2 - 22. Calculate c(t).
-22
Let f(x) = -x**2 - 5*x - 2. Let u(b) = -b**3 + b**2 + 2*b + 31. Let i be u(0). Suppose 2*p + 1 = -i. Let a be (-4)/(-32) + 50/p. Calculate f(a).
4
Suppose -2*m = -0*m - 6. Let q(l) be the third derivative of -l**4/24 + l**3/6 - 15*l**2. Let k(v) = -2*v + 1. Let b(h) = 4*k(h) - 7*q(h). Give b(m).
-6
Suppose -648 = -2*i - 5*z, -209 - 115 = -i - 5*z. Let f be ((-8)/6)/(9/i*-4). Let w(b) = b - 10. Determine w(f).
2
Let u(g) = 42*g**2 - g - 1. Suppose j = 2*m - 4, -1425*j = -2*m - 1420*j + 28. What is u(m)?
42
Let d(l) = -26 - 31 - 22 + 99 - 30*l - 49 - 2*l**2. Calculate d(-14).
-1
Let o(a) = -a + 5. Suppose -4*m + 400 - 116 = 0. Suppose 74*b - m*b = 45. Let n = b - 9. Calculate o(n).
-1
Let y(q) = q**2 + 88*q + 914. Let a be y(-76). Let v(s) = 4*s + 9. Give v(a).
17
Let z(m) = -5*m - 6. Let i(b) = -6*b - 40. Let v(q) = 3*q + 13. Let d(r) = 2*i(r) + 7*v(r). Let c(f) = 4*d(f) + 7*z(f). Give c(-5).
-3
Let t(c) = 5*c**2 - 3*c + 5. Let j be -5 + (99/15 - (-20)/50). What is t(j)?
19
Suppose -4*v + 5*g + 439 = 429, 4 = v - 2*g. Let k(q) be the second derivative of 11/2*q**2 + 1/6*q**3 + v + 4*q + 1/12*q**4. Determine k(0).
11
Let k(j) = -17*j - 2. Let w(r) = -54*r - 8. Let u(b) = 3*k(b) - w(b). Determine u(-6).
-16
Let d(h) = -2*h**3 - 27*h**2 - 9*h + 61. Let x be d(-13). Let q(f) = f**2 - 4*f + 3. What is q(x)?
48
Let x(i) = 746 + 734 - 17*i - 1481. Suppose 5*s - 15 = 0, -f = f - 2*s + 8. Give x(f).
16
Let o(v) = -v**3 + v**2 + v. Let t be (-2 + 1)*(-10 + -1). Let z(g) = -g + 13. Let w be z(t). Let k be 1*(-3 - -4) - w. Give o(k).
1
Let k(u) = u**3 - 6*u**2 + 7*u + 15. Let d(p) = -2*p**3 + 7*p**2 - 7*p - 20. Let z(s) = -2*d(s) - 3*k(s). Give z(-4).
23
Let f(u) = 11*u**3 + 11*u**2 + u + 3. Let y = -1 - 3. Let t(b) = -20 + 5*b**3 + 5*b**2 + 0 + 21. Let j(d) = y*f(d) + 9*t(d). What is j(-2)?
1
Let z(g) = -23 - 9 + 37 - g. Calculate z(5).
0
Let i(w) = w**2 - 4*w + 4. Let k(l) = l - 18. Let v be k(22). Suppose 3*o = o - 3*p + v, -4*o - 5*p = -6. Let d be 8 + o + 9/(-3). Give i(d).
4
Suppose -f - 2 + 4 = -o, -2*f + 12 = 2*o. Suppose f*s = l + 2*l + 53, -5*l = 15. Let g(q) = -2 + 8 - s + 3*q + q**2. Calculate g(-6).
13
Let v(t) be the first derivative of 1/15*t**5 + 27/2*t**2 - 29 + 0*t - 1/120*t**6 + 1/3*t**3 + 1/6*t**4. Let d(s) b